 5 = -1, -9 = -4*f + d*z. Let n(w) = 2*w - 6. Calculate n(f).
6
Let s be 128/20 + (-4)/10. Let t(w) = -2 - w**3 + 2*w**2 + 6*w**2 + 2*w**2 - s*w**2. What is t(3)?
7
Suppose 9 = y + 7. Suppose 5 = 3*m + y. Let c(d) be the second derivative of d**4/6 + d**2/2 + d. Calculate c(m).
3
Suppose 2*l - 4 = -q, 25*q - 26*q = -4*l - 4. Let b(h) = -h - 5. Give b(l).
-5
Let a be ((-2)/(-4))/(1/(10/1)). Let q(i) = i**2 - 4*i - 7. Give q(a).
-2
Let f(r) = -3*r + 4. Let s = 40 - 33. Let j(p) = -8*p + 11. Suppose 7 = -3*y + 1. Let u(l) = s*f(l) + y*j(l). Determine u(4).
-14
Let h(m) = 4*m + 4. Let x be (-5)/((-55)/(-22))*1. Give h(x).
-4
Suppose -l + 23 = -4*u, 3*l - 7*l - u = -7. Let j(i) = -4*i + 5 - l*i + 5 + 9*i. What is j(-11)?
-12
Let n(g) = -15*g**3 + 8*g - 8. Let h(l) = -13*l**3 + l**2 + 7*l - 7. Let s(y) = -7*h(y) + 6*n(y). Determine s(6).
-41
Let a(r) = 7*r**2 - 4*r**3 + 3 + 3*r**3 - 173*r + 165*r. Calculate a(6).
-9
Let z(s) = -43*s + 38*s**2 - 51*s + 145*s - 1 - 53*s. What is z(-1)?
39
Let l(d) be the third derivative of -1/6*d**3 + 7/60*d**5 - 1/4*d**4 - 13*d**2 - 1/120*d**6 + 0*d + 0. What is l(6)?
-1
Let u(m) be the third derivative of m**4/12 + 4*m**3/3 - m**2 + 1. Let w(d) = d**3 - 12*d**2 + 10*d + 5. Let y be w(11). Give u(y).
-4
Let j(m) = 2*m + 3. Let l(x) = x**3 + 4*x**2 - x. Let q = 9 + -13. Let u be l(q). Suppose -u*y = -2*y - 8. Give j(y).
11
Let r = -154 + 166. Let v(k) = k**3 - 11*k**2 - 11*k - 13. Calculate v(r).
-1
Let z = 62 - 60. Let b(v) = 16*v**2 - 3*v**z - 9*v**2 - 4*v + 7*v. Suppose 3*w + 31 = -3*k - 2*w, 20 = -4*w. Give b(k).
10
Let r(z) be the third derivative of -z**5/60 - 4*z**3/3 + 2*z**2 - 101*z. Give r(0).
-8
Let f(i) = 6*i**3 + 10*i**2 - 3*i - 2. Let b(k) = -k**3 - k**2 + k + 2. Let g(m) = 5*b(m) + f(m). What is g(-5)?
-2
Let j(f) = -f + 8. Let n(a) = -a**3 - 15*a**2 + 16*a + 3. Let c be n(-16). Let d be c + (6/3 - -2). What is j(d)?
1
Let q(f) = -f**2 + 9*f - 8. Let v be q(7). Let b(w) be the second derivative of -w**5/20 + 7*w**4/12 - 5*w**3/6 + 2*w**2 - 3*w - 43. Calculate b(v).
10
Let f = -23 - -30. Let z(t) = -t**3 - t**2 - 1. Let l(v) = -7*v**3 + 5*v + 1. Let m(p) = -l(p) + 6*z(p). Determine m(f).
7
Suppose -2*l + 5*n - 4 = 0, 2*l - 17 + 3 = -4*n. Let k(s) = -s**2 + 12. Let q be k(-3). Let w(h) = -64*h**2 + 63*h**2 + q*h + h. What is w(l)?
3
Let f(w) = w**3 + 4*w**2 + 3*w - 3. Let z = -256 - -253. Give f(z).
-3
Suppose 0 = 5*h + 3*s + 32, 0 = 2*h - 0*h - 3*s - 4. Let c(p) be the third derivative of p**4/12 + 2*p**3/3 + 2*p**2 + 590*p. Calculate c(h).
-4
Let p(n) be the third derivative of -n**5/20 + n**4/12 + 10*n**3/3 + 12*n**2. Let j(y) = y**2 - y - 7. Let x(d) = -8*j(d) - 3*p(d). What is x(-4)?
4
Suppose 59 - 44 = -5*p. Let w(g) = g**3 + 3*g**2 + 2*g + 1. Give w(p).
-5
Let f(i) = -i**3 - i**2 + 2*i + 1. Suppose 28 = 2*q - 2*r - 3*r, -2*r = q - 23. Let v = q + -16. Suppose 8 - v = -5*m. Calculate f(m).
-1
Let o(x) be the third derivative of x**6/120 - x**5/60 + 5*x**3/6 - x**2. Let p(g) = -2*g - 2. Let c be p(-1). What is o(c)?
5
Let l(m) = -m**3 + 5*m**2 + 6*m + 5. Suppose -5*d + 178 = h, -5*h = 2*d + 3*d - 170. Suppose -4*g = -4*q + d, 2*g = -0*q - q. Calculate l(q).
5
Suppose 1 = -8*f - 23. Let r(y) = y**3 + 3*y**2 - 2*y - 6. Determine r(f).
0
Let p be (-90)/(-5) + -10 + 4. Let g(i) = i**2 - 15*i + 34. Determine g(p).
-2
Let k(h) = -h**3 + 5*h**2 + 7*h. Suppose 101 = 5*w - j, -w + 37 = 2*j + 2*j. Suppose 0 = 5*b - 9 - w. Calculate k(b).
6
Let n(l) = -6*l**2 - 2*l - 1. Suppose 4*k - k - 3*b = 0, b = 4*k - 12. Let o be 3*4/(k + -16). Determine n(o).
-5
Let p(q) = -72*q**2 + 25*q**2 + 28*q**2 + 12 + 18*q**2. Determine p(0).
12
Let s(m) = 7*m + 13. Let n be s(-4). Let r be (-2)/5 - 81/n. Let z(u) = -r*u - 2 - u + 4*u. Give z(-2).
2
Let y be ((-12)/(-42))/(16/14). Let q(c) be the first derivative of 4/3*c**3 + y*c**4 + 5 - 2*c**2 - 3*c. What is q(-5)?
-8
Let b(n) be the third derivative of -n**5/60 - 2*n**4/3 - 53*n**3/6 - 44*n**2 + 6*n. Determine b(-7).
10
Suppose -5*g + 10 + 0 = 0. Let o(p) be the first derivative of p**2 - 2*p**2 + p + 10 + 0*p**g. Calculate o(-6).
13
Let y(w) be the first derivative of w**4/12 - w**3/3 - w - 1. Let z(r) be the first derivative of y(r). Let t be 1 - 5/1*9/(-15). Calculate z(t).
8
Let h(x) = -13*x**2 + 8*x - 58. Let z(g) = -3*g**2 + 2*g - 13. Let a(l) = -2*h(l) + 9*z(l). Let d be (-3)/6*(-2 + 0). Calculate a(d).
0
Suppose 3*q + 2*q = 30. Let i(b) = b**3 - 5*b**2 - 5*b. What is i(q)?
6
Let s(a) = -a**2 - 7 + 4*a + 3*a + 2*a. Suppose -72 = -9*h - 0*h. Suppose 54 = q + h*q. Determine s(q).
11
Let n = -132 + 134. Suppose 2*r + 4 = n, 5*r = k - 5. Let a(h) = -h**3 - h**2 - 26. What is a(k)?
-26
Let y(d) be the first derivative of d**5/60 + d**4/8 + d**3/3 - 2*d**2 + 11. Let m(h) be the second derivative of y(h). What is m(-2)?
0
Let j = -490 - -482. Let i(a) = a**3 + 9*a**2 + 11*a - 8. Give i(j).
-32
Let g = -3 - -9. Let c(l) = 15*l**2 - 4 - 13*l**2 - 7*l - l**2. Give c(g).
-10
Let l = -33 - -38. Let k(o) = -1 - 4*o + 3*o + 5 - o. Calculate k(l).
-6
Let s(r) = r**2 + 6*r + 8. Let d be s(-3). Let i(l) = 7*l**3 + l. What is i(d)?
-8
Let q(g) be the second derivative of -11*g**3/6 - 3*g**2/2 - 13*g + 26. Give q(2).
-25
Let y be (-3)/4 - (-1)/(-8)*-22. Let q(l) = -10*l - 2. Determine q(y).
-22
Let i(k) be the first derivative of -k**5/60 - k**4/6 - k**3/3 - 4*k**2 + 19. Let o(f) be the second derivative of i(f). Determine o(-5).
-7
Let d(m) = -m**3 - 3*m**2 - 2*m - 3. Suppose n = 2*n + 1, -4*n - 1 = k. Suppose k*o + 55 = 49. Give d(o).
-3
Suppose 0 = -2*h - 2*p + 8, 2*h + 3*h = 3*p + 4. Let c(a) = -2*a - h*a**2 - 68 - 3*a**2 + 66 - a**3. Determine c(-4).
-10
Let c(d) = 4*d**2 + 0*d**3 + 3 + d**3 + 0*d**3 + d. Suppose -3*k + 6 = 0, 0*j + k + 6 = -2*j. Let x be c(j). Let f(u) = -2*u - 1. What is f(x)?
1
Suppose 3*o = -22 + 1. Let s(r) = -4*r**3 - 4*r**2 + 3*r - 8. Let g(w) = -7*w**3 - 9*w**2 + 5*w - 15. Let f(x) = 3*g(x) - 5*s(x). What is f(o)?
-5
Suppose 3*u - 135 = -12*u. Let c(i) be the first derivative of -1/2*i**2 + u - 3*i. Determine c(0).
-3
Suppose 0*q - 5*k = 2*q - 21, 21 = 3*q + 4*k. Let m(o) = -2*o - 4. Give m(q).
-10
Let y(u) = 3*u**2 + 14*u - 39. Let v(h) = 2*h**2 + 9*h - 25. Let w(z) = -8*v(z) + 5*y(z). Calculate w(-3).
2
Let i(z) = -z**2 - 3*z - 3. Let b = -35 - -32. Let u be ((-5)/(-10))/(b/12). Give i(u).
-1
Let v(g) = -2. Let f(n) = 12*n - 22. Let k(i) = -f(i) + 10*v(i). What is k(2)?
-22
Let r(b) be the third derivative of -b**4/24 + 2*b**3/3 - 110*b**2. Determine r(2).
2
Let o = -15 + 24. Suppose -o = -y + 5*p, -5*y + p = -3*p + 18. Let s(k) = -k**3 - 7*k**2 - 6*k - 7. Give s(y).
-7
Let k(l) be the third derivative of l**4/24 - 2*l**3/3 + 2*l**2 - 2*l - 4. Suppose -m + 60 = 5*o + 4*m, -3*o = 5*m - 44. Give k(o).
4
Let o be ((-2)/2)/(15/(-150)). Let k(x) = -7*x + 3. Let j(r) = r + 1. Let w(d) = -8*d - 2. Let c(v) = 4*j(v) + w(v). Let n(h) = o*c(h) - 6*k(h). What is n(-3)?
-4
Let j(f) = -f + 12. Let p = 46 - 37. Suppose 0 = -9*h + 8*h + p. Determine j(h).
3
Let x(v) = -2*v**2 - 4*v + 9. Let r be (-4)/1 + 0/(-11). What is x(r)?
-7
Let a(u) = u**3 - 3*u**2 - 3*u - 2. Let c(y) = -4*y**3 + 27*y**2 + 5*y + 17. Let x be c(7). Give a(x).
-11
Suppose -w - 15 = 4*b, 4*w + 2*b = -7 + 3. Let j(x) = -x**3 - 2*x + 1. Calculate j(w).
-2
Let n(t) = -t + 2. Let f = -428 - -429. What is n(f)?
1
Let o(i) = 2*i**2 + 4*i. Let m(r) = r**2 + 8*r + 4. Let h = -108 + 101. Let t be m(h). What is o(t)?
6
Let j(i) = -5*i + 3*i + 3*i - i**3 - 2 - 1 + 3*i**2. Suppose -4*n = -2*o - 8, 3*n = 5*o - 3*o + 5. Suppose -n*z + 25 = 2*z, 2*m = -z + 11. Give j(m).
0
Let y(z) be the third derivative of -z**5/60 - z**4/24 - 6*z**2 - 31*z. Let t = 0 - -2. Let m = -2 + t. Give y(m).
0
Suppose -2*i - 33 = -37. Let v(t) = -i + 2*t + 3*t - t**3 + 7*t**2 - 3*t. Give v(7).
12
Let r(l) be the second derivative of -21*l + 0 - 1/6*l**3 - 4*l**2. Suppose 4*v + 30 = -v. Give r(v).
-2
Let r(d) = 4*d + 16. Let c(q) = -q - 2. Let t(u) = 6*c(u) + r(u). Calculate t(5).
-6
Let f(d) be the third derivative of -d**4/8 + 33*d**2 - 3. What is f(9)?
-27
Let z(o) = o**3 - 4*o**2 + o. Let l be z(4). Let x(v) = 5*v**2 - 7*v + 1. Let s(f) = -11*f**2 + 15*f - 3. Let a(n) = -4*s(n) - 9*x(n). Determine a(l).
-1
Suppose 22 = -4*c + 5*m,